 of m?
13
Let n(l) = l**3 - 3 + 2*l**3 - 8*l**2 - 4*l**3 - 15*l. List the prime factors of n(-7).
53
Suppose 27*p - 39*p = -10188. What are the prime factors of p?
3, 283
Suppose -4*h + 1198 = 2*u, 12*u + 3*h - 594 = 11*u. List the prime factors of u.
3, 7, 29
Let r = 296 + -174. Let h = -60 + r. What are the prime factors of h?
2, 31
Let n = 157 - -858. What are the prime factors of n?
5, 7, 29
Let p(l) = -2*l**2 - 958 - 10*l + 971 + l**2. List the prime factors of p(-7).
2, 17
Suppose 2*j - 3*j + 2*y = -40, -3*j - 3*y + 111 = 0. Suppose -j = -4*p + 2*p. Suppose 0 = 5*w + b - 17, b + p = -3*w + 7*w. What are the prime factors of w?
2
Let c(y) = -y**3 + 11*y**2 + 3. Let j be c(11). Suppose 4*d - j*k = -0*d + 69, 0 = -d + 4*k + 27. Let g = 18 - d. What are the prime factors of g?
3
Let y = 29 + -58. Let i be y/5*(-4 + -1). Suppose -4*b + 66 = 2*l, l - i = -b + 3*b. List the prime factors of l.
31
Suppose -b + 2*b = -4*g + 556, 5*b + 2*g = 2798. List the prime factors of b.
2, 5, 7
Let g(y) = y**3 + 8*y**2 + 3*y + 6. Let k be g(-6). Suppose 4*f - 36 = k. What are the prime factors of f?
2, 3
Suppose 3151 = -8*n + 18847. List the prime factors of n.
2, 3, 109
Let a(c) = c**3 - 12*c**2 - c + 17. Suppose 0 = -i - 3*w - 3, 0 = -0*i - 3*i + 5*w + 61. Let h be a(i). What are the prime factors of (11 - -2) + (3 - h)?
11
Suppose -3*r + 18 = -k, -k + 3*r = 4*r + 2. Let o(g) = -9*g. Let p be o(k). Suppose -16*b + p = -13*b. What are the prime factors of b?
2, 3
Suppose 923 - 25263 = -20*n. List the prime factors of n.
1217
Suppose -1743 + 267 = -6*x. Let s = 37 + x. List the prime factors of s.
283
What are the prime factors of 171088/64 - 4*(-15)/(-48)?
2, 167
Let c = -11 + 14. Suppose 7*v - 2*v - 99 = 2*y, 123 = -c*y - v. What are the prime factors of -2 + y/(-3) - -1?
13
Let n = 87 + -84. Suppose -92 = -2*z - 0*z - 4*j, 3*j - n = 0. List the prime factors of z.
2, 11
Let i be 62/22 - 30/(-165). What are the prime factors of -10*15*(i + 63/(-15))?
2, 3, 5
Suppose 3*c = -2*k + 7, 5*k + 5*c - 16 = -1. Suppose -k*b + 324 = r - 107, b - 217 = -2*r. List the prime factors of b.
5, 43
Suppose 0 = -4*p - 4*k + 340, k = p + p - 164. Let a = 103 - p. What are the prime factors of a?
2, 5
Let j(l) = 2*l**2 + 8*l - 1. Let r be (-84)/39 - -2 - 240/(-39). List the prime factors of j(r).
7, 17
Suppose 15 - 35 = -5*p. Let c be ((-6)/(-3))/(p/(-38)). What are the prime factors of (1 + c)/(6/(-4))?
2, 3
Let l = -120 - -117. Let h(w) = 31*w**2 - 11*w - 22. List the prime factors of h(l).
2, 5, 29
Let r(u) = u**2 - 4*u + 9. Let x be 2 - (-3 - -5 - 17). Let p = x - 11. List the prime factors of r(p).
3, 7
Let l(c) be the second derivative of c**4/12 + 23*c**2/2 - 9*c. List the prime factors of l(0).
23
Suppose -g = -5*l + 1462, -4*l + 5*g + 1166 = 6*g. List the prime factors of l.
2, 73
Let q be 1/((-3035)/(-1515) - 2). Suppose q + 99 = 6*u. List the prime factors of u.
67
Let g = 74 - 63. Suppose -g*r + 2904 = -0*r. What are the prime factors of r?
2, 3, 11
Let l(v) = -14*v - 52. List the prime factors of l(-11).
2, 3, 17
Suppose -1 = -n + 2. Suppose f - 2*y - 46 = 0, 3*y = -2*f + 2*y + 92. Suppose -n*p = -5*p + f. What are the prime factors of p?
23
Suppose 6*y = 2220 - 792. What are the prime factors of y?
2, 7, 17
Let c(a) = -a**3 - 4*a**2 + 14*a + 30. List the prime factors of c(-11).
3, 241
Let t be 122/(-427) + 10*41/14. Suppose -128 = -t*a + 25*a. What are the prime factors of a?
2
Let x = -762 - -1503. What are the prime factors of x?
3, 13, 19
Suppose 0 = -z + 5*h + 12, -4*h = -z - 3*h + 4. Let r(x) = 18*x. Let s be r(-2). List the prime factors of s/(-6) + (z - 0).
2
Let h be (-16)/(-72) - 8/36. Let a(o) = o**3 - o**2 + 234. List the prime factors of a(h).
2, 3, 13
Let r(z) = z**3 - 26*z**2 - z + 24. Let g be r(26). Let d(k) = -79*k + 3. What are the prime factors of d(g)?
7, 23
Suppose 5*s - 4*t + 81 = -45, 5*s - 5*t = -130. Let a = s - -15. What are the prime factors of 496/14 - (-3)/a?
5, 7
List the prime factors of 284*11/(-220)*-45.
3, 71
Let s be 1/((-6)/(-54) - 0). Suppose 0 = s*w - 1183 - 1238. List the prime factors of w.
269
Let z = -25 - -57. Let y = 296 - 282. Let s = z - y. What are the prime factors of s?
2, 3
Suppose 23*n = -39*n + 198028. What are the prime factors of n?
2, 1597
Suppose -2*r = 2*r - 24. Suppose 6*w - 6 - r = 0. What are the prime factors of w?
2
Let m be (-210)/60*(0 + 1 + 1). List the prime factors of (-174)/(-21) - (-2)/m.
2
Let k be 15/25 - 17*1/(-5). Suppose -11 - 73 = -k*p. List the prime factors of p.
3, 7
Let s = -801 - -1051. List the prime factors of s.
2, 5
Suppose -4*j + 107 = -b, 0 = -2*j - 3*j - b + 145. What are the prime factors of (-4)/7 - (-3124)/j?
3, 37
Let n = 5 + -3. Suppose 7*a - 2*a + n*p - 1109 = 0, -2*a = -3*p - 455. What are the prime factors of a?
223
Let c = -2228 - -4376. List the prime factors of c.
2, 3, 179
Let i(s) = 2*s + 23. Let u be i(-9). Suppose -282 = -u*g - g. What are the prime factors of g?
47
Let m(o) = o**2 - 7*o + 2. Let y be m(8). Suppose -5*a + 3*l = -9, -4*l - y = -5*a - 3. Suppose i - a*i + 84 = 0. List the prime factors of i.
2, 3, 7
Let i(l) = -l - 18. Let t be i(-12). What are the prime factors of 80 + -4 + 3 + t/2?
2, 19
Let y = -278 + 1720. List the prime factors of y.
2, 7, 103
Suppose -p = 2*g - 746, 0 = -g - 3*p + 5*p + 363. List the prime factors of g.
7, 53
Let z(l) = -610*l - 260. What are the prime factors of z(-6)?
2, 5, 17
What are the prime factors of -19 + 17 + 3989 + -4?
7, 569
Let s(m) = m**2 + 5*m - 8. Let d be s(-6). Let v be (15/6 + d)*74. Suppose v = 3*a + 7. List the prime factors of a.
2, 5
Suppose 3*t = 4*p - 4540, -5*p + 4*t + 1398 = -4278. List the prime factors of p.
2, 283
Let o(q) = 4*q**3 + q**2 - q + 1. Let r be o(1). Suppose 64 = r*m - 71. Let v = 46 - m. What are the prime factors of v?
19
Let n(d) = -d**2 - 53*d + 11. What are the prime factors of n(-35)?
641
Suppose 2*h - 20 = -3*h. Suppose 0 = -6*y + 4*y - h. List the prime factors of (4/y)/(1/(-9)).
2, 3
Let g = -570 + 889. List the prime factors of g.
11, 29
List the prime factors of 1*-3993*(-3)/9.
11
Let n(k) be the second derivative of -k**4/12 + 5*k**3/2 - 21*k**2/2 - 6*k. Let q be n(15). Let v = q + 56. What are the prime factors of v?
5, 7
Suppose -15*c - 292 = -16*c. What are the prime factors of c?
2, 73
List the prime factors of (10/(-4))/(5/(-314)).
157
Suppose 1559 + 1199 = 14*k. What are the prime factors of k?
197
Let n(o) = o**2 + 6*o + 10. Suppose 18 = 3*k - g, 3*k = k + 4*g + 2. Let b(r) = -r - 1. Let z be b(k). List the prime factors of n(z).
2, 13
What are the prime factors of 2/(-10) + 51408/90?
571
Suppose 0 = -6*t + 1110 + 2262. Suppose -73*q + t = -71*q. What are the prime factors of q?
281
Let q(u) = 10*u**2 + 6*u - 7. Let i = 29 + -26. List the prime factors of q(i).
101
Let i(s) be the first derivative of -5 + 1/2*s**2 - 1/3*s**3 + 12*s. What are the prime factors of i(0)?
2, 3
Let h = 273 + -452. Let b = h - -311. What are the prime factors of b?
2, 3, 11
Let p = 0 + 2. What are the prime factors of (p + 1)/(14/406)?
3, 29
Let d(m) = 9*m**2 - m. Let o be d(-1). Let w = 37 - o. What are the prime factors of w?
3
List the prime factors of 7/(63/(-6))*-4152.
2, 173
Suppose 0 = -0*p + p + 5. Let l be (-14)/1078*-14 - (-1250)/22. What are the prime factors of (10/p - -2) + l?
3, 19
Let d be (2 - 0) + (-10)/5 + 3. List the prime factors of ((-2)/(-6))/(d/45).
5
Let o = -228 - -433. Suppose -4*m + o + 23 = 0. Suppose -2*t - t = -m. What are the prime factors of t?
19
Suppose 13*c - 2*c = 132. Suppose 0 = 5*u - 5*r, -u + 3*r + 0 = 8. Let m = u + c. List the prime factors of m.
2
Let z(k) be the first derivative of k**3 - k + 1. Let c(l) be the first derivative of z(l). What are the prime factors of c(4)?
2, 3
List the prime factors of 44 + ((-7)/(7/(-3)) - -2).
7
Let c(q) = -2*q**3 - 3*q**2 + 8*q - 6. Let g(n) = n**3 + 2*n**2 - 4*n + 3. Let r(k) = 3*c(k) + 5*g(k). Let a be r(2). List the prime factors of 42/(0 + a + 1).
3, 7
Let j(w) = w**2 - w - 2. Let x be j(2). Suppose x = -7*p + 4*p + 6. Suppose 0 = p*a - 3*a + 7. List the prime factors of a.
7
Suppose -164 = 2*h - 4*y + 78, -2*h = -y + 236. Let t = -40 - h. List the prime factors of t.
7, 11
Let f = 23 - 21. Let u =